s the remainder when (-17)/(-2) - (-1)/(-2) is divided by p?
2
Calculate the remainder when ((-2)/3)/(12/(-3006)) is divided by 42.
41
Suppose 0 = -5*y + 8 + 17. What is the remainder when y is divided by 2?
1
Suppose 0 = -5*i - 5*r + 255, 0*i = 3*i + 5*r - 153. Suppose i = 5*d - 2*d. Let q = -6 - -16. Calculate the remainder when d is divided by q.
7
Let o(d) = -d**3 + 6*d**2 + d + 5. Let v(z) = 4*z**2 - 5*z**3 + 3 + 4*z**3 - 6*z - 4 + 4*z**2. Let m be v(7). Calculate the remainder when o(m) is divided by 6.
5
Let b = 4 - 0. Let a(i) = -i**2 + 6*i + 3. Let g be a(6). Suppose 4*j + 2*c + g*c - 85 = 0, 100 = 5*j + 5*c. Calculate the remainder when j is divided by b.
3
Let z = -2 + -3. Let m = -3 - z. Let w(v) = 7*v - 1. Calculate the remainder when w(m) is divided by 5.
3
Suppose 0*g - 5*z = -2*g - 5, -z = 2*g - 13. Suppose -p - 2*l = -l - 18, 2*p - 51 = -5*l. What is the remainder when p is divided by g?
3
Let t(o) = -o**2 + 16*o - 10. What is the remainder when 73 is divided by t(12)?
35
Suppose 2*n = 100 + 62. What is the remainder when n is divided by 41?
40
Let t = 3 - -1. Let y(b) = 3*b + 2. What is the remainder when y(t) is divided by 8?
6
Let g(u) = -12 - 6*u - 5 + u**3 + 4 - 8*u**2. Calculate the remainder when 39 is divided by g(9).
11
Let a = -3 + 6. Suppose h - 21 = -l + 2, a*h - 12 = 0. Suppose -4*x - 92 = -3*g, -g - g - 4*x = -88. What is the remainder when g is divided by l?
17
Suppose -4*r + 0 + 20 = 0. Let s(j) = -j**3 - 27*j**2 + 26*j - 53. What is the remainder when r is divided by s(-28)?
2
Suppose -3*f - 4*k + 195 = -0*k, 3*k + 9 = 0. What is the remainder when 201 is divided by f?
63
Let d = 19 + 4. Calculate the remainder when d is divided by 4.
3
Suppose 0 = -4*g + 112 + 20. Suppose 4*t - i - 41 = 0, 2*t - 4*i - 47 = -t. Calculate the remainder when g is divided by t.
6
Suppose 4*g - 48 = -0*g. Calculate the remainder when 47 is divided by g.
11
Let p = 44 + -3. What is the remainder when p is divided by 2*((-11)/(-2) + 0)?
8
Let q(h) = -h**3 - 7*h**2 - 8*h - 5. Let m = 0 - 6. What is the remainder when 12 is divided by q(m)?
5
Let q(r) = 2*r**2 - r + 2. Let b be q(4). Suppose -2*h - 4*f = -46 - b, -5*h = -2*f - 238. What is the remainder when h is divided by 12?
10
Suppose 2*x - 3*x - 6 = 0. Let b(u) = 23*u**2 - 30*u**2 + 2 - u - u**3 - 6*u. Calculate the remainder when 22 is divided by b(x).
6
Suppose 5*u = u + 236. Calculate the remainder when u is divided by 6.
5
Suppose -3 = -4*v + 21. Calculate the remainder when 57 is divided by (-135)/18*(-16)/v.
17
Calculate the remainder when -1*1*(-13 - 8) is divided by 12.
9
Suppose q - 12 = -q - 2*p, 5*q + 3*p - 28 = 0. What is the remainder when (6/(-5))/(6/(-20)) is divided by 1*5 + -7 + q?
1
Suppose -2*j + 0*j - 4 = 0. Let b(o) = 4*o**2 + 2*o - 2. Calculate the remainder when 47 is divided by b(j).
7
Suppose -5*v + 0*v = -15. Suppose -1 = -2*h + v. Suppose 3*r = -5*y + 111, -3*r + h*r = 3. Calculate the remainder when y is divided by 9.
6
Suppose 0 = c + 17 - 0. Let v be -7*(-8)/10*-5. Let k = c - v. Calculate the remainder when 20 is divided by k.
9
Suppose 2*i = 7*i + 2*w - 31, 3*w - 8 = -2*i. Let m = i + 12. Calculate the remainder when 54 is divided by m.
16
Let p be (3 - 0) + 1 + 8. Suppose -g - 5*j = -9, 0 = 4*g + 5*j - p - 54. Calculate the remainder when 37 is divided by g.
18
Let o(y) = y**3 + 6*y**2 - y + 2. Suppose -i = 3*i + 4*d + 36, 5*i + 36 = -2*d. Suppose -70 = -5*m - 0*m. What is the remainder when m is divided by o(i)?
6
Let m(z) = -z**3 - 3*z**2 - 2*z + 5. Let q = 24 + -16. What is the remainder when m(-4) is divided by q?
5
Suppose 3*s - 43 = 4*n, -3*s - 5*n = -3*n - 37. Let c = -14 + 19. Calculate the remainder when s is divided by c.
3
Let b = 6 + -2. Suppose -63 = 4*z - 7*z - 3*v, -b*z = 5*v - 86. What is the remainder when 56 is divided by z?
18
Let w(g) = g**3 + 9*g**2 + 5*g - 9. Calculate the remainder when 41 is divided by w(-8).
11
Let x(j) = -j**3 + j**2 + 2*j. Let r be x(-2). Let k = r + -6. Suppose -3*g + 2*a - 3 = 0, 0*g + g + 4*a = 13. What is the remainder when k is divided by g?
0
What is the remainder when -2 + ((-134)/(-2) - 2) is divided by 7 + (-40)/4 - (-20 + 1)?
15
Let u be 12/(-3) - -2 - -7. Let i = u + 6. Calculate the remainder when i is divided by 4.
3
Let y(m) = m - 2. Let d be y(2). Suppose 2*n - 54 = -d*n. What is the remainder when n is divided by 10?
7
Let d(a) = -a**3 + a**2 - a - 22. Let s be d(0). Let n = s - -61. Let u(g) = -g**3 + 7*g**2 - 5*g - 5. Calculate the remainder when n is divided by u(5).
19
Suppose 3*j - 3*w = -27, 2*j = -0*j - w - 18. Calculate the remainder when 59 is divided by 135/(-6)*6/j.
14
Let u = -15 - -19. Suppose 0 = 3*z + s - 106, 2*s - u = -2*s. Calculate the remainder when z is divided by 19.
16
Suppose -5*l - 101 = 34. Let x = 40 + l. What is the remainder when 38 is divided by x?
12
Suppose -10*o = -9*o - 268. What is the remainder when o is divided by 45?
43
Suppose 0 = -4*p + 2*p + 10. What is the remainder when 18 is divided by p?
3
Suppose -10 - 3 = -r. What is the remainder when r is divided by 8?
5
Let f = -20 - -46. Calculate the remainder when f is divided by 9.
8
Suppose 23*d + 26 = 25*d. What is the remainder when 49 is divided by d?
10
Suppose 64 = 4*o - 2*o + 2*w, 5*w + 190 = 5*o. Let q(j) = -j**3 + 12. What is the remainder when o is divided by q(0)?
11
Let m be 93/3 + 2/(-1). Let p = m + -15. What is the remainder when 41 is divided by p?
13
Suppose 2*w + 84 = 6*w - 4*l, 4*w - 88 = 5*l. Calculate the remainder when 82 is divided by w.
14
Let j(p) = p**2 + p + 5. Let b be j(5). Let g = b - 18. Let w(k) = 4*k - 2. What is the remainder when g is divided by w(2)?
5
Let d = -31 - -44. Suppose 2*r + 3 = d. Calculate the remainder when 14 is divided by r.
4
Let s = -4 + 26. What is the remainder when 42 is divided by s?
20
Calculate the remainder when (-57)/(-2) + 27/(-18) is divided by 6.
3
Let r = -96 + 57. Let w = r - -60. What is the remainder when w is divided by 8?
5
Let q = -106 + 2. Suppose -5*u = -a + 25, -a + 10 = -4*u - 12. What is the remainder when a is divided by (-4)/(-18) + q/(-18)?
4
Suppose 3*q + 208 = 7*q. Calculate the remainder when q is divided by 27.
25
Let w(c) = c**2 + 3*c + 13. What is the remainder when w(-6) is divided by 12?
7
Let z = 54 + -33. Let i = z + 24. Calculate the remainder when i is divided by 16.
13
Suppose 0 = -i + 4*c + 16 + 22, -5*i + 106 = c. Suppose g = i - 7. Calculate the remainder when 44 is divided by g.
14
Suppose -7*z + 169 + 657 = 0. Calculate the remainder when z is divided by 20.
18
Let u = -8 + 11. Suppose -u*g = -0*g - 150. Suppose 2*y = 2*z + 32, -z = 5*y + z - 87. Calculate the remainder when g is divided by y.
16
Calculate the remainder when 15 is divided by 7 + 1 - (1 + -2).
6
Calculate the remainder when -72*3/(3 + -9) is divided by 11.
3
Let d(l) = 2*l + 14. Calculate the remainder when 99 is divided by d(10).
31
Suppose 0 = 2*b + 28 - 40. What is the remainder when b is divided by 3?
0
Suppose -b = -0*b - 1. What is the remainder when b is divided by (4 - (0 + 3))/1?
0
Suppose 2 + 2 = -4*p. Suppose 0 = 7*h - 2*h + 35. What is the remainder when (p + 0)*h*4 is divided by 10?
8
Suppose 3*x - 61 = 2. Suppose -2*l = -10, -v = 3*v - 3*l - x. Let k(p) = -3*p + 8. Calculate the remainder when k(-6) is divided by v.
8
Let h = -35 - -97. Let a = 45 - -54. Suppose 6 = 5*f - a. Calculate the remainder when h is divided by f.
20
Let s = 27 - 12. Calculate the remainder when 42 is divided by s.
12
Let m = -21 - -51. Suppose -3*c - 3*u = -45 - 141, -u - 292 = -5*c. Calculate the remainder when c is divided by m.
29
Suppose -3*i + 13 = -p - 32, -i = -3*p - 7. Calculate the remainder when 30 is divided by i.
14
Calculate the remainder when 53 is divided by -3*-1*(-7)/(-3).
4
Let h = -30 - -52. What is the remainder when h is divided by 13?
9
Let r(p) = 4*p + 7. Let k(g) = -5*g - 7. Let x(t) = -6*k(t) - 7*r(t). Let m be x(8). Let b = m + 0. What is the remainder when 17 is divided by b?
8
Let u(n) = -n**3 + n**2 - 2*n + 1. Suppose 2*i = a, -2*a - 3*i - 3 - 4 = 0. Calculate the remainder when 66 is divided by u(a).
15
Let k(s) = s + 1. What is the remainder when ((-8)/14 + 19/21)*18 is divided by k(3)?
2
Let y(x) = 24*x**3 + x**2 - 